Let r = 107 - 109. Let w be ((-3)/(-2))/(4 - (-9)/r). What is the hundreds digit of (-10)/45 + (2524/18 - w)?
1
Suppose -3*m = -27 + 12. Suppose -806 = -3*b + m*l + 293, -5*l + 5 = 0. What is the hundreds digit of b?
3
Let d(x) = 6*x**2 - 97*x - 84. Let g be d(16). Let w(i) = i**3 - i**2 + 4*i + 2. Let u be w(-4). Let a = u - g. What is the units digit of a?
6
Suppose 2*n + 4*k - 1 = -5, 2*k = -4*n + 4. Suppose -4*r - n*w + 2406 = 0, 3*r - 1981 = -5*w - 173. What is the tens digit of r?
0
Let h = -234 + 231. Let d(s) = -23*s**3 + 4*s**2 + 7*s + 23. What is the tens digit of d(h)?
5
Let s(o) = o**2 + 2*o - 38. Let v be (-19)/(-4) + (-3)/(-12). Let w be s(v). What is the units digit of (-54)/w*(-34)/(-6)?
2
Let t = -24217 - -51360. What is the tens digit of t?
4
Suppose 0 = 50*d - 17*d - 6633. Suppose -212*i = -d*i - 17314. What is the hundreds digit of i?
5
Suppose p + 6 = 7. Let g be (-2)/(p/(-2) - 0). Suppose -5*x = g*w - 168, -x - 6 = -5*w - 28. What is the tens digit of x?
3
Let v(g) = 6*g**2 + 8*g + 1. Suppose 5*s + 0*s + 45 = 0. Let m be v(s). Suppose 6*z + 31 = m. What is the tens digit of z?
6
Let q = -20 + 26. Let j be q + 9 - 2/2. Let p(y) = -y**3 + 14*y**2 + 5*y + 10. What is the tens digit of p(j)?
8
What is the ten thousands digit of 12/18*(-6)/4 - -11988?
1
What is the ten thousands digit of 530220/40 - -12 - -2*(-1)/(-4)?
1
Let c = -1751 - -10513. What is the tens digit of c?
6
Suppose -5*r + 24 = -41. Suppose 2445 + 17861 = r*o. What is the thousands digit of o?
1
Suppose -3*x + 26904 + 7377 = -5*l, 3*l - 45766 = -4*x. What is the units digit of x?
7
Let u = 11060 - 4075. What is the tens digit of u?
8
Let b(c) = 149*c**3 - 8*c**2 - 12*c + 3. Let y be b(-2). Let k = y + 2270. What is the hundreds digit of k?
0
Let z(m) = -53*m + 70. Let x be z(5). What is the tens digit of x/13 + 13 + 462/1?
6
Let d be 1/(26/(-12) + 2). Let l = -2349 - -771. What is the units digit of -7 + l/(-18) + 4/d?
0
What is the thousands digit of 6464 + 8 + -34 - (-7)/(-1)?
6
Suppose -8*a + 5*a + 15 = 0. Let j be (32/a)/((-22)/(-605)). Suppose -j = -8*i + 6*i. What is the tens digit of i?
8
Let q(n) = -2*n**3 + 137*n**2 - 55*n + 83. What is the hundreds digit of q(67)?
8
Suppose -r = -11 + 8. Let a(i) = -13*i - i**3 + 0 - 10*i**2 + 0*i**3 - r*i**2 + 2. What is the tens digit of a(-12)?
1
Suppose 0 = 47*u - 1230 - 932. Suppose -r - u*r = -67445. What is the thousands digit of r?
1
What is the tens digit of (-3)/((-18 - -26) + 539/(-67))?
6
Let g(q) = 709*q**3 + q**2 - 1. Let s be g(-1). Let r = s - -1182. What is the tens digit of r?
7
Let q(i) = -i**3 + 25*i**2 - 16*i + 106. Let d be q(24). Let f = d + 599. What is the units digit of f?
7
Suppose -2*t + o - 143 = 3, t + 2*o = -63. Let u = t + 71. Suppose u = -4*g + 6*g + 4*s - 152, g = 2*s + 80. What is the tens digit of g?
7
Let t(i) = -458*i + 213. Let r(g) = -307*g + 142. Let f(c) = -7*r(c) + 5*t(c). What is the hundreds digit of f(-4)?
6
Let z = -1 + 3. Suppose 4*s = 2*x + 2, 2*s - x + z = -3*x. Suppose 0 = -2*j - h + 172, s*h - 180 = -2*j - 3*h. What is the tens digit of j?
8
Suppose 5*y - 305610 = 3*w, 2*y + 12*w - 62389 = 59855. What is the hundreds digit of y?
1
Suppose 10 + 200 = 3*f. Let q = f + 6. Suppose 4*d - 92 - q = 0. What is the tens digit of d?
4
Let h(f) = 11*f**2 - 19*f - 29. What is the hundreds digit of h(21)?
4
Let m be (-7450)/10*3/3. Let z = m + 2081. What is the hundreds digit of z?
3
Suppose -2*a + 3*a - 3*s = 1911, 4*a - s - 7688 = 0. Let u = -1033 + a. What is the tens digit of u?
9
Let u be (-25)/(125/(-87780)) - 0. What is the tens digit of (1/(-2) - -1)/(14/u)?
2
Let o(h) = -1 + 19 - 3*h + 4 - 7. Let c be o(5). Suppose c = q + 8*q - 801. What is the tens digit of q?
8
Let t(b) = b**3 + 5*b**2 + b - 7. Let s be t(-4). Suppose 2*q - 25 = -3*q. Suppose -3*m - 144 = -4*m + s*h, -q*h + 114 = m. What is the units digit of m?
9
Suppose -s + 6*s = -0*s. Suppose -5*m + 3*t + 6295 = s, -2518 = -0*m - 2*m - 5*t. What is the thousands digit of m?
1
Suppose -6*k + 6843 = -23727. What is the hundreds digit of k?
0
Let x = -137 + 179. What is the hundreds digit of (-29 - 1)*(-189)/x?
1
Suppose -32498 - 41269 = -106*w + 22693. What is the units digit of w?
0
Suppose -z + 30 = 28. Let x(j) = -3*j**2 + j**2 + 2*j**z + 1 + 10*j**3 - j. What is the units digit of x(1)?
0
Suppose -q - 7 + 10 = 0. Let s be ((-10)/4)/(33/(-66)). Suppose s*z = -4*y + 703, -y + q*z = -206 + 26. What is the hundreds digit of y?
1
Suppose 5*n + 4*g = 500, 0*n + 183 = 2*n + 5*g. Suppose -4*m - i = -401, -m - 4*i = -5*i - n. Suppose -15 = 3*y, 2*y - 1 = 5*o - m. What is the tens digit of o?
1
Let f be 2/(-3)*1/(-2)*-6. What is the hundreds digit of -4*((-8)/32 + -97 + f)?
3
Let k(n) = 2737*n + 321. What is the units digit of k(6)?
3
Let a = -19881 + 27334. What is the tens digit of a?
5
Let b(r) = 8*r**2 + 8*r - 21. Let j be b(8). Suppose -2*z + j = 97. What is the units digit of z?
9
Let u(q) = -4*q**2 + q + 7. Let m(p) be the second derivative of p**3/6 - p**2/2 - 18*p. Let s(v) = -m(v) - u(v). What is the units digit of s(5)?
4
What is the ten thousands digit of (4757/426 + (-2)/3)*(-14160)/(-9)?
1
Suppose -4*q + 13974 = 2*w - 0*q, -2*w + 13978 = 5*q. What is the hundreds digit of w?
9
Suppose -7*o + 1598 - 611 = 0. Suppose 138*p - o*p = -1902. What is the tens digit of p?
3
Suppose -5 - 5 = -2*j. Suppose o = -2*f - 5, -4*f - 8 = j*o + 5. What is the hundreds digit of (o - 12/(-8))*(-336)/(-1)?
1
Let r be 308*(-2 + 4*172/64). Suppose -8*i = -r + 255. What is the tens digit of i?
0
Suppose 3*m - 23 = 61. Suppose 51*x - m*x = 20838. What is the hundreds digit of x?
9
Let p be (30/(-8))/(-1) - (-171)/(-228). Suppose p*u - 1212 = u - 5*f, u - 603 = -4*f. What is the hundreds digit of u?
6
Let v(d) = -2*d**3 - 4*d**2 - d + 3. Let y be v(-3). Suppose -2*p + y = 34. What is the tens digit of 59/(-4 + p/(-1))?
5
Let p(o) = -o**2 + 5 - 62*o**3 - 3 + o + 61*o**3. Let n = -48 - -47. What is the units digit of p(n)?
1
Let g(p) = 6264*p**3 + 6*p**2 - 7*p - 9. What is the units digit of g(2)?
3
Let u be (-71 - -3)*3/(-3). Suppose u*s = 67*s + 445. What is the hundreds digit of s?
4
Let z be (-311)/(-2 - 15/(-6)). What is the hundreds digit of (z + 7)*1/(-3)?
2
Let m(z) = z**3 + 8*z**2 - 7*z - 8. Let s(o) = o + 15. Let u be s(-15). Suppose 0*l - 2*l - 12 = u. What is the hundreds digit of m(l)?
1
Suppose -5*l - 91 = -76. Let g(j) = 32*j**2 + 2*j + 2. Let f be g(l). Suppose 0 = -14*y + 10*y + f. What is the tens digit of y?
7
Suppose 0 = 4*j - 316 + 296. Suppose 0 = -4*w - j*c + 2173, -4*w + 0*c - 4*c = -2176. What is the tens digit of w?
4
Let s = 4734 - 2752. What is the tens digit of s?
8
Suppose -74 + 62 = -6*k. Suppose 0 = 2*x - a - 431, 5*a = k*x + a - 434. What is the hundreds digit of x?
2
Suppose -5 = -5*b - 5. Suppose 5*v = b, 2*z = 3*v + 69 + 25. What is the tens digit of z?
4
What is the tens digit of (-106)/(12/198 - (-84)/(-1023))?
2
Suppose -2*g + 93 = -179. Suppose -n + 89 = -2*l, 4*l - 2*n - 3*n + 163 = 0. Let x = g + l. What is the units digit of x?
9
Let q be (-5)/(-35) + (-26)/(-14). Let o be 7/(-4)*-2 + (-3)/q. What is the tens digit of o/(-4) + -1 + (-222)/(-4)?
5
Let j(v) = -781*v**3 - 2*v**2 + 5*v - 5. Let g be j(2). What is the hundreds digit of g/(-35) + (-6)/(-15)?
1
Let k(l) = -113*l + 40. Let i be k(5). Let g = 2028 + i. What is the tens digit of g?
0
Let b = 16234 + -11066. What is the thousands digit of b?
5
Let p(q) = -11*q**2 + 8 + 10*q**2 - 4*q + 3*q. Let k be p(-4). What is the tens digit of (k/16)/((-2)/824)?
0
Let u(d) = -2*d**3 - 17*d**2 + 20*d - 120. What is the hundreds digit of u(-14)?
7
Let s(m) = 2*m**3 - 6*m**2 - 6*m - 4. Let a be s(6). Let w = a + -50. What is the tens digit of w?
2
Suppose -7*m + 45*m = -18*m + 361424. What is the units digit of m?
4
Let o = 1987 - 1375. Suppose -3*d - o = -3*b + 2*d, -d = -3. What is the units digit of b?
9
Let x(t) = -6*t + 355 - 3*t - t + 194. What is the hundreds digit of x(7)?
4
Let m(i) = i**2 - 3*i + 14. Let t be m(7). Let s be ((-28)/t)/((-2)/(-282)). Let o = -43 - s. What is the units digit of o?
1
What is the thousands digit of 72*-3*((-4)/6)/(276/92138)?
8
Suppose 0*h + 5*h = -5*i + 192630, 0 = -6*i + 2*h + 231204. What is the hundreds d